
2
Suppose -5*i + 32 + 991 = -2*j, 5*j = 5. List the prime factors of i.
5, 41
Suppose 56 = 4*z - 3*s - 2*s, 3*s = -3*z + 69. Suppose 2*w = -2*i + 10, -3*i - w = -8*i + z. Suppose 17 - 57 = -i*v. What are the prime factors of v?
2, 5
Let r(a) = -a**2 + 13*a. Let j be r(12). Let v = 10 + j. List the prime factors of v.
2, 11
What are the prime factors of (10/15)/(6/45)?
5
Suppose 6 = f - 0*f. Suppose 0 = -h + f*h - 120. What are the prime factors of h?
2, 3
Suppose -2*c = -c - 101. Suppose 0 = -4*q + c - 1. List the prime factors of q.
5
Let r = 267 + -89. List the prime factors of r.
2, 89
Let y(i) = 2*i - 8. What are the prime factors of y(12)?
2
Let h(a) = a**2 - 9*a + 12. Let m be h(9). Suppose 5*q + 4*v - m = 1, -5*v = 15. List the prime factors of q.
5
Let y(g) be the second derivative of -7*g**3/3 + 3*g**2/2 + 2*g. Let b(l) = -27*l + 5. Let t(v) = -4*b(v) + 7*y(v). What are the prime factors of t(1)?
11
Suppose 35 - 99 = -2*k + 5*l, 0 = 2*k + 5*l - 64. List the prime factors of k.
2
Let f = 3 - 0. Suppose 4*m - f - 1 = 0. Suppose 46 = 5*c + m. What are the prime factors of c?
3
Let p = -15 - -24. List the prime factors of p.
3
Let k(b) = b - 7 - 6 - 3*b**2 + 2*b**2 + 11*b. List the prime factors of k(10).
7
Let v(o) = o**3 + 6*o**2 - 3*o - 6. Let d be v(-7). Let n = -21 - d. Let m = n - 6. What are the prime factors of m?
7
Suppose x + 6*b - 2*b = 27, -4*b = -20. Let u = x + -13. Let r = 18 + u. List the prime factors of r.
2, 3
Let s(i) = -15*i + 12. What are the prime factors of s(-8)?
2, 3, 11
Let s be 0 + 2 + -2 + -3. List the prime factors of 19 - (-1 + (-4 - s)).
3, 7
Let r(h) = h**3 - 24. Let u be r(0). Let v = -14 - u. Suppose -3*m = -4*m + v. What are the prime factors of m?
2, 5
Suppose -2*g + 5 = -7. Let q(t) = t**3 - 6*t**2 - t + 6. Let a be q(g). Suppose 0*y + 3*k = -4*y + 36, a = 2*y - 4*k - 18. List the prime factors of y.
3
Let z = 197 - -64. What are the prime factors of z?
3, 29
Suppose -4*k + 19 = k + 3*d, -d = -2*k + 1. Suppose -l - 15 = -3*n, 2 - 17 = 4*l - 3*n. Suppose l = k*a - 5*a + 36. What are the prime factors of a?
2, 3
Let y = -13 + 21. Suppose -1 = -3*u - 2*p, 3*p = u - y - 7. List the prime factors of u.
3
Let c(m) = 18*m - 19. List the prime factors of c(8).
5
Let z = -18 + 37. List the prime factors of z.
19
Let g be 5 - ((-4 - 1) + 2). Let r(f) = f**2 - 9*f + 10. List the prime factors of r(g).
2
Suppose 3 + 5 = 2*g. Let u = g - 4. List the prime factors of (4 - u)*(3 + -2).
2
Let y(b) = -b**3 - 6*b**2 - 5*b - 1. Let o be y(-5). Let j be o - ((-1)/(-1) - 8). Suppose j*n = 4*n + 10. List the prime factors of n.
5
Let y(h) = -9*h + 2. Let v be y(-4). Suppose 3*w - 7*w - 5*r = -4, 2*r = 5*w - v. List the prime factors of w.
2, 3
Suppose 7*g = 11*g - 96. List the prime factors of g.
2, 3
Suppose 4*p = 2*n - 330, -3*n + 5*n - 3*p = 335. List the prime factors of n.
5, 7
Let q = -17 + 7. Let t be 5/((-15)/12) + -3. Let o = t - q. What are the prime factors of o?
3
Suppose 183 = 4*k + 4*s + 35, k + 2*s - 34 = 0. Suppose 2*x + 2*q - 12 = 6, 3*x = 5*q - 13. Suppose d - k = -x*d. List the prime factors of d.
2
Let a(h) = -h**3 + 4*h**2 - h - 2. Let b be a(3). Suppose 0 = -b*x + 28 + 88. What are the prime factors of x?
29
Let w be ((2/(-1))/(-2))/1. Let v(l) = 21*l + 1. Let b be v(w). What are the prime factors of b/5 + (-4)/10?
2
Suppose 27*s = 9*s + 216. List the prime factors of s.
2, 3
Let i(h) = 20*h**2 + 6. List the prime factors of i(3).
2, 3, 31
Suppose 1 = -l + 6. Let w(b) = b - 4. Let s be w(l). What are the prime factors of (-1)/((-2)/6)*s?
3
Let c(v) = v**3 - 6*v**2 - 5*v - 5. Let m(j) = 2*j**3 - 11*j**2 - 9*j - 10. Let l(k) = -5*c(k) + 3*m(k). Let o = 7 - 3. List the prime factors of l(o).
3
Suppose 3*x - 311 = -4*l, 3*x = 4*x + 3. Suppose 2*b - 2 - l = 0. List the prime factors of b.
41
Suppose -5*b + 19 + 6 = 0. Let u = 11 - b. What are the prime factors of u?
2, 3
List the prime factors of (6/(-10))/((-4)/40).
2, 3
Let j = 4 - 4. Let l(r) = r**3 + r**2 + r + 18. List the prime factors of l(j).
2, 3
Let o = 4 + 0. Suppose o*q - 10 = -q. List the prime factors of q.
2
Suppose -2*q = m - 9, -m - 4*m - 25 = -4*q. Suppose -8 = -4*v, -29 = -3*x - q*v + 17. Suppose g + g = x. What are the prime factors of g?
2, 3
Let w be 12/8*8/6. Suppose -3*c + 45 = -3*o, -w*c - 25 = 2*o - 63. List the prime factors of c.
17
List the prime factors of -1*4/5*-120.
2, 3
Let n be (-1)/(-4) + 60/16. Suppose -p = -n*i + 51, 4*i - 3*p - 39 = -6*p. List the prime factors of i.
2, 3
Suppose -7 = -3*q + 2*q + d, 0 = -2*q - 5*d + 21. Suppose -q - 2 = -2*h. List the prime factors of h.
5
Let c be -10 - (-6)/(-9)*-3. What are the prime factors of (c/(-16))/((-1)/(-72))?
2, 3
Let q(u) = 2*u + 1 + 1 - 3 + 0. List the prime factors of q(5).
3
Let w(f) = -2*f + 4. Let j be w(-5). Let n = j + -7. List the prime factors of n.
7
Let b(n) = -1 - n + 0*n - 8*n + 7*n. Let m be b(-2). Suppose -q + m*q = 16. What are the prime factors of q?
2
Let c(l) = l**3 + 6*l**2 - 7*l + 5. Let i be c(-7). Suppose 0 = 4*d - i*u - 5, 3*u = 2*u + 3. What are the prime factors of d?
5
Let z = -7 - -3. Let y be 5/z + (-3)/(-12). What are the prime factors of 2 + (y - 0) + 3?
2
Let n(t) = -t**2 + t - 3. Let v be n(0). Let s = v + 1. List the prime factors of s/(1/(13/(-2))).
13
Let s = 5 + -3. Suppose s = -2*n + 3*n. What are the prime factors of n/8 + (-78)/(-8)?
2, 5
Let u = 56 - 17. List the prime factors of u.
3, 13
Let q(o) = -o**2 + 9*o - 5. Let y be ((-82)/(-3))/(6/9). Suppose d = -4*p - 11, -5*d = -0*d - 4*p - y. List the prime factors of q(d).
3, 5
Let d = 512 + -298. What are the prime factors of d?
2, 107
Let b(m) = 16*m - 1. Let s be b(-2). Let p = 13 - 19. List the prime factors of ((-4)/p)/((-2)/s).
11
List the prime factors of 1/(9/(-6) - 1196/(-792)).
3, 11
Suppose -m = -4*z + 2*z + 7, -3*m = z + 7. Suppose -4 = z*v, 2*t = 5*t - v - 62. What are the prime factors of t?
2, 5
Suppose -z + u - 1 = -3, 0 = 2*u. Suppose 0*l = 5*v - 3*l - 86, -z*l + 6 = 0. Suppose 2*c - 4 = 3*h + v, -4*h - 44 = -4*c. List the prime factors of c.
2, 5
Suppose 0 = 2*r + 277 - 1143. List the prime factors of r.
433
Let h be ((-4)/2)/(7/49). Let w = -2 - h. List the prime factors of w.
2, 3
Suppose 0 = w - t - 1, -w - 26 = 3*w + 2*t. Let l(x) = -x**2 - 5*x + 10. Let n be l(-8). Let b = w - n. List the prime factors of b.
2, 5
Suppose 2*p + 2*p = 24. Let u = -3 + p. Suppose 4*q + 58 = 5*s, s = -3*q + u + 1. What are the prime factors of s?
2, 5
Let t(z) = 2*z**2 - 2*z - 1. Let u be 3/2*-1*-2. What are the prime factors of t(u)?
11
Let u be ((-6)/(-4))/(1/2). Suppose 2*o - 3*w = 4, u*o + 2*w - 1 - 5 = 0. What are the prime factors of o?
2
Let s(u) = u**2 + 2*u. Let c be s(-3). Suppose 0 = -c*x + 86 + 31. List the prime factors of x.
3, 13
Let b be 8/20 + (-24)/(-15). What are the prime factors of (0 - b)/(6/(-57))?
19
Let a(x) be the second derivative of -x**5/20 - 7*x**4/12 - x**3/6 - x**2/2 + 4*x. What are the prime factors of a(-7)?
2, 3
Suppose 44 = 2*f - f - s, 2*s = -2. Let h = 60 - f. Suppose -4*z + h + 19 = 0. List the prime factors of z.
3
Let k be -1*3 + 5/1. Suppose 0 = -5*r + q + 70, r + 3*q + k*q - 40 = 0. List the prime factors of r.
3, 5
Suppose o - 5*o - 12 = 0. Let x = 13 + o. What are the prime factors of x?
2, 5
Suppose 0 = -3*w + 139 + 182. List the prime factors of w.
107
Suppose r + x + 0*x = 9, 4*r = -2*x + 26. Suppose -z - r*a - 6 = a, -z - 6 = a. List the prime factors of (18/4)/(-3)*z.
3
Let q be ((-2)/4)/((-1)/(-4)). Let y be (-32)/q + -1 + -1. Suppose 2*v - v = y. List the prime factors of v.
2, 7
Let m = 4 - 2. Suppose -m*b = -b - 7. Suppose 2*g - b - 3 = 0. What are the prime factors of g?
5
Suppose -37 = -4*s + 191. Suppose s = 4*r - n + 6*n, r - 2*n = -2. Let g = 13 - r. What are the prime factors of g?
5
Suppose 84 = -3*u + 7*u. What are the prime factors of u?
3, 7
Let v(p) be the second derivative of p**3/3 - 3*p**2 - p. List the prime factors of v(4).
2
Suppose -4*w = -3*w - 8. Let d = w - -2. What are the prime factors of d?
2, 5
Suppose 5*w + 3 - 18 = 0. What are the prime factors of ((-1)/(-3))/(w/99)?
11
Suppose -4*c + 208 = 4*y, -4*c = 3*y + 2*y - 265. Suppose -5*p + y = 3*k, k + p - 17 = -0*p. What are the prime factors of k?
2